**2 - 100*h - 44. Calculate p(-5).
-169
Let y(w) = 229*w + 225. Calculate y(-1).
-4
Let b(x) = -8*x**3 + 39*x**2 - 13*x + 14. What is b(5)?
-76
Let i(u) = 16*u**2 - 49*u - 177. Determine i(5).
-22
Let k(f) = 144*f + 6623. Calculate k(-46).
-1
Let o(s) = s**2 + 32*s + 170. Give o(-26).
14
Let d(t) = 2*t**2 - 49*t + 42. Give d(24).
18
Let l(h) = -2*h**3 + h**2 + 960*h + 2818. Determine l(-3).
1
Let o(z) = -z**2 + 119*z - 1428. Determine o(106).
-50
Let m(r) = -393*r - 415. Determine m(-1).
-22
Let v(i) = -i**3 + 41*i**2 - 68*i - 322. Determine v(39).
68
Let f(n) = -4377*n - 43773. What is f(-10)?
-3
Let s(c) = 6*c**2 - 116*c - 1065. Determine s(-8).
247
Let o(z) = -z**3 + 42*z**2 + 102*z - 5860. Determine o(41).
3
Let l(q) = -2330*q - 55918. Calculate l(-24).
2
Let l(d) = d**2 - 452*d - 5572. Determine l(-12).
-4
Let a(l) = -70*l + 64. Give a(1).
-6
Let i(c) = 47*c + 2266. Calculate i(-48).
10
Let y(f) = -f**3 + 22*f**2 - 18*f - 61. Calculate y(21).
2
Let h(w) = -w**3 - 227*w**2 + 17*w + 3854. Calculate h(-227).
-5
Let i(t) = 49*t**2 - 546*t + 68. Calculate i(11).
-9
Let b(c) = 7*c**3 - 35*c**2 + 22*c - 3. Calculate b(4).
-27
Let c(f) = -f**2 + 30*f - 10. Calculate c(22).
166
Let w(g) = g + 31. Calculate w(-33).
-2
Let m(a) = 10*a + 90. What is m(24)?
330
Let f(w) = -w**3 + 14*w**2 + 45*w - 210. What is f(16)?
-2
Let b(w) = -2*w**3 + 53*w**2 + 92*w - 44. Calculate b(28).
180
Let k(o) = -o**3 - 125*o**2 + 381*o - 377. What is k(-128)?
7
Let i(h) = -h**3 + 23*h**2 + 38*h - 32. Give i(25).
-332
Let f(q) = 10*q**2 - 83*q - 797. Give f(14).
1
Let t(c) = c**3 + 6*c**2 - 10*c + 11. What is t(-8)?
-37
Let u(m) = -m**2 - 56*m - 912. What is u(-33)?
-153
Let v(n) = -n**3 + 12*n**2 + 84*n - 23. What is v(17)?
-40
Let t(j) = 2*j - 148. Give t(36).
-76
Let t(k) = -48*k**3 - k**2 - 4*k + 3. Calculate t(1).
-50
Let a(i) = -14*i**2 - 174*i + 18. Give a(-15).
-522
Let p(l) = -2*l**3 + 30*l**2 + 68*l + 27. What is p(17)?
27
Let x(r) = r**2 + 21*r - 2059. Calculate x(36).
-7
Let p(w) = -5*w**3 + 7*w**2 + 25*w + 2. Determine p(-3).
125
Let q(j) = -j**2 + 88*j + 370. Give q(-4).
2
Let c(v) = v**2 - 2740*v + 54393. What is c(20)?
-7
Let f(m) = m**2 - 134*m + 1267. Give f(123).
-86
Let f(t) = 2*t**2 - 208*t + 3375. What is f(84)?
15
Let n(z) = -50931*z + 305592. Give n(6).
6
Let k(a) = -a**2 + 66*a - 582. Determine k(10).
-22
Let c(q) = -2*q**3 - 30*q**2 + 305*q + 21. What is c(7)?
0
Let c(q) = 3*q**2 + 127*q + 170. Calculate c(-41).
6
Let j(r) = -19*r**2 - 8*r + 2. What is j(-2)?
-58
Let q(u) = -u**3 - 21*u**2 + 10*u - 145. Calculate q(-22).
119
Let u(f) = -7569*f - 105961. Calculate u(-14).
5
Let i(f) = -15*f**2 - 34*f + 66. What is i(4)?
-310
Let b(x) = 2*x**2 + 47*x - 63. Calculate b(-24).
-39
Let h(l) = -7*l - 184. Determine h(-18).
-58
Let b(r) = r**3 - 31*r**2 + 143*r - 8. Determine b(5).
57
Let u(q) = q**3 - 15*q**2 - 34*q - 45. Calculate u(17).
-45
Let y(q) = -10*q - 128. What is y(-9)?
-38
Let q(g) = 10*g + 1027. What is q(-44)?
587
Let h(r) = 2*r**2 - 15*r - 32. Determine h(-5).
93
Let k(v) = -2*v**2 + 178*v + 1094. Calculate k(-6).
-46
Let a(y) = 523*y + 3656. Give a(-7).
-5
Let v(t) = -t**2 + 18*t + 6790. Give v(92).
-18
Let o(t) = -t**3 - 4*t**2 + 17*t - 5. Determine o(-7).
23
Let d(g) = -13*g**2 + 15*g - 43. Determine d(3).
-115
Let d(y) = 16*y + 429. Determine d(-27).
-3
Let r(a) = 13*a**3 + 74*a - 75. Determine r(1).
12
Let v(l) = -5*l**2 - 3592*l - 21369. Determine v(-6).
3
Let d(g) = -988*g + 23695. What is d(24)?
-17
Let p(i) = -16694*i + 50104. Determine p(3).
22
Let x(k) = -k**2 + 14*k + 59. Give x(-5).
-36
Let r(z) = -50*z - 302. Calculate r(-10).
198
Let y(p) = -216*p - 434. Determine y(-2).
-2
Let o(y) = -3*y + 95. Give o(12).
59
Let d(f) = 7*f**3 - 2*f**2 + 34*f - 35. What is d(1)?
4
Let w(m) = -m**3 - 2*m**2 + 25*m - 47. Give w(3).
-17
Let f(q) = -q**2 - 82*q - 230. Calculate f(-3).
7
Let r(p) = -180*p + 1223. Give r(0).
1223
Let a(p) = -4*p**2 + p - 29. Calculate a(-6).
-179
Let a(i) = -2*i**3 - 8*i**2 - 25*i + 24. What is a(-6)?
318
Let d(n) = -n**2 + 15*n - 66. Calculate d(10).
-16
Let y(o) = -343*o + 2073. Calculate y(6).
15
Let v(n) = 10*n**2 - 123*n + 7. Determine v(3).
-272
Let c(p) = 4*p**2 - 72*p + 19. Determine c(-6).
595
Let c(q) = 182*q + 1440. Give c(-9).
-198
Let u(h) = 211*h**3 - 6*h**2 - 13*h - 6. What is u(-1)?
-210
Let j(g) = 9*g**2 - 54*g + 18. What is j(7)?
81
Let h(c) = 15*c**2 + 356*c - 48. Calculate h(-24).
48
Let x(z) = 60*z + 2226. What is x(-37)?
6
Let g(s) = -3*s + 49. What is g(28)?
-35
Let n(j) = -j**3 - 17*j**2 + 14*j - 20. What is n(-18)?
52
Let i(h) = 2*h**3 - 3*h**2 - 329*h - 19. What is i(-12)?
41
Let u(g) = 190*g - 752. Give u(4).
8
Let g(l) = -l**3 + l**2 - 4*l - 64. Calculate g(6).
-268
Let c(f) = 37*f - 87. What is c(0)?
-87
Let f(p) = -p**2 - 64*p + 230. Give f(-67).
29
Let s(h) = 16*h**2 - 528*h + 18. Determine s(33).
18
Let g(o) = -3494*o + 6998. Give g(2).
10
Let j(x) = 2*x**3 + 3*x**2 - 15*x - 39. What is j(-2)?
-13
Let y(v) = -7*v**2 + 9*v - 9. Calculate y(1).
-7
Let h(v) = 404*v - 611. What is h(2)?
197
Let a(t) = 233*t - 1169. Determine a(5).
-4
Let a(v) = 17*v**2 + 177*v + 150. Calculate a(-1).
-10
Let d(s) = s**3 + 57*s**2 - 64*s - 331. Determine d(-58).
17
Let q(l) = -4*l**3 + 11*l**2 - 16*l + 81. Determine q(4).
-63
Let j(t) = -t**3 + 20*t**2 - 97*t - 28. Determine j(9).
-10
Let o(t) = 5869*t + 52816. What is o(-9)?
-5
Let j(d) = 3*d**3 - 23*d**2 + 40*d + 5. Calculate j(2).
17
Let t(r) = -16*r - 144. Give t(-10).
16
Let w(x) = 150*x - 39. Calculate w(2).
261
Let i(a) = -a**2 + 50*a - 543. Give i(14).
-39
Let h(f) = 2*f**3 + 32*f**2 + 50*f - 119. What is h(-14)?
-35
Let v(w) = -25*w**2 + 1749*w + 140. Calculate v(70).
70
Let p(l) = -l**3 + 53*l**2 + l - 59. What is p(53)?
-6
Let q(i) = i + 1. What is q(-3)?
-2
Let f(p) = -81*p - 2185. Give f(-27).
2
Let i(x) = 12*x**2 + 1178*x + 189. Calculate i(-98).
-7
Let o(y) = 6*y**3 - 3*y**2 + 21*y + 39. Calculate o(-2).
-63
Let v(l) = 6*l**3 - 309*l + 619. Determine v(2).
49
Let f(o) = -3*o**2 - 487*o + 3926. Determine f(-170).
16
Let n(o) = -5*o**2 - 181*o + 880. Calculate n(5).
-150
Let v(q) = -2956*q - 5907. What is v(-2)?
5
Let b(a) = -17*a - 35. Determine b(8).
-171
Let l(x) = 10*x**3 - 48*x**2 - 33*x + 119. What is l(5)?
4
Let t(w) = -116*w**2 - 12*w + 13. Calculate t(1).
-115
Let v(p) = -1249*p**2 + 16243*p - 83. Give v(13).
-5
Let l(n) = n**3 + 64*n**2 + 295*n - 5. Calculate l(-59).
-5
Let h(b) = -44*b - 4286. Determine h(-97).
-18
Let g(p) = -54*p - 256. Give g(-5).
14
Let k(t) = 91*t + 1247. Give k(-14).
-27
Let w(b) = b**2 - 32*b + 260. Give w(26).
104
Let c(m) = -m**3 - 37*m**2 - 31*m + 183. Determine c(-36).
3
Let p(z) = 179*z**2 - 18*z - 10. Determine p(-1).
187
Let f(u) = -118*u - 4670. Give f(-36).
-422
Let j(h) = 539*h - 6987. What is j(13)?
20
Let n(w) = w**2 - 21*w - 30. Give n(21).
-30
Let x(b) = b**3 + 111*b**2 + 530*b - 11. Determine x(-106).
-11
Let z(j) = 52*j - 2608. Determine z(49).
-60
Let b(i) = 2*i**2 - 38*i - 2965. Determine b(-29).
-181
Let z(r) = r**2 + 156*r + 894. Calculate z(-6).
-6
Let w(y) = -y**3 + 7*y**2 + 57*y + 46. Give w(12).
10
Let u(c) = -32*c**3 + c**2 - 3*c + 2. Give u(1).
-32
Let j(w) = w**3 + 4*w**2 - 10*w + 25. Calculate j(-6).
13
Let j(f) = 5*f**2 - 90*f + 23. Determine j(18).
23
Let c(m) = 92*m - 19106. Give c(208).
30
Let u(g) = -g**2 + 117*g - 3386. Give u(65).
-6
Let j(q) = -q**3 + 9*q**2 - 20*q + 406. Calculate j(10).
106
Let r(v) = 5*v**2 + 36*v - 96. Determine r(-9).
-15
Let a(i) = i**3 - 41*i**2 - 385*i + 2352. Give a(48).
0
Let h(m) = 12*m + 31. What is h(-2)?
7
Let r(v) = v**3 + 198*v**2 + 1519*v + 3. Give r(-8).
11
Let v(f) = -222*f + 346. Determine v(2).
-98
Let l(o) = -2*o**2 + 3953*o - 27572. Determine l(7).
1
Let u(p) = 4*p**2 + 119*p + 77. Give u(-29).
-10
Let m(s) = -4*s**3 + 2*s + 2. Calculate m(2).
-26
Let s(a) = -2*a**2 + 106*a + 713. Determine s(-6).
5
Let d(l) = -l**2 - 714*l + 52329. Give d(67).
2
Let b(d) = d**3 - 68*d + 30. Calculate b(8).
-2
Let h(m) = m**2 - 28*m + 187. What is h(23)?
72
Let i(m) = -205*m - 2880. Determine i(-14).
-10
Let o(i) = i**3 - 61*i**2 + 510*i - 42. Give o(51).
-42
Let d(v) = 9*v**2 + 800*v - 86. What is d(-89)?
3
Let w(a) = a**3 - 19*a**2 - 292*a 